{"id":34,"date":"2017-01-29T14:19:10","date_gmt":"2017-01-29T11:19:10","guid":{"rendered":"http:\/\/www.temaahsap.com\/?page_id=34"},"modified":"2017-01-29T14:54:26","modified_gmt":"2017-01-29T11:54:26","slug":"akustik-panel","status":"publish","type":"page","link":"https:\/\/www.temaahsap.com\/?page_id=34","title":{"rendered":"AKUST\u0130K PANEL"},"content":{"rendered":"<p><img decoding=\"async\" loading=\"lazy\" class=\"wp-image-43 size-full alignleft\" src=\"https:\/\/www.temaahsap.com\/wp-content\/uploads\/2017\/01\/akustik-salon.jpg\" width=\"765\" height=\"509\" srcset=\"https:\/\/www.temaahsap.com\/wp-content\/uploads\/2017\/01\/akustik-salon.jpg 765w, https:\/\/www.temaahsap.com\/wp-content\/uploads\/2017\/01\/akustik-salon-300x200.jpg 300w\" sizes=\"(max-width: 765px) 100vw, 765px\" \/><\/p>\n<div id=\"foogallery-gallery-38\" class=\"foogallery-container foogallery-default foogallery-link-image foogallery-lightbox-unknown spacing-width-10 hover-effect-zoom  border-style-square-white alignment-center hover-caption-simple foogallery-default-loading\">\r\n\t<a  href=\"https:\/\/www.temaahsap.com\/wp-content\/uploads\/2017\/01\/akustik-panel-3.jpg\" data-attachment-id=\"39\"><img  src=\"https:\/\/www.temaahsap.com\/wp-content\/uploads\/cache\/2017\/01\/akustik-panel-3\/638492715.jpg\" width=\"150\" height=\"150\" \/><\/a><a  href=\"https:\/\/www.temaahsap.com\/wp-content\/uploads\/2017\/01\/akustik-panel-4.jpg\" data-attachment-id=\"40\"><img  src=\"https:\/\/www.temaahsap.com\/wp-content\/uploads\/cache\/2017\/01\/akustik-panel-4\/751544626.jpg\" width=\"150\" height=\"150\" \/><\/a><a  href=\"https:\/\/www.temaahsap.com\/wp-content\/uploads\/2017\/01\/akustik-panel-1.jpg\" data-attachment-id=\"41\"><img  src=\"https:\/\/www.temaahsap.com\/wp-content\/uploads\/cache\/2017\/01\/akustik-panel-1\/1680582486.jpg\" width=\"150\" height=\"150\" \/><\/a><a  href=\"https:\/\/www.temaahsap.com\/wp-content\/uploads\/2017\/01\/akustik-panel-2.jpg\" data-attachment-id=\"42\"><img  src=\"https:\/\/www.temaahsap.com\/wp-content\/uploads\/cache\/2017\/01\/akustik-panel-2\/3936657589.jpg\" width=\"150\" height=\"150\" \/><\/a><\/div>\r\n\n<h3 style=\"text-align: left;\">TEKN\u0130K \u00d6ZELL\u0130LER<\/h3>\n<div id=\"main-content\" class=\"main-content\" style=\"text-align: left;\">\n<section class=\"w-section\">\n<div class=\"container\">\n<div class=\"row\">\n<div id=\"content\" class=\"col-md-9 col-content\">\n<article id=\"post-79\" class=\"post-79 page type-page status-publish hentry\">\n<div class=\"entry-content\">\n<table border=\"1\" width=\"900\">\n<tbody>\n<tr>\n<td colspan=\"3\">\n<div style=\"text-align: center;\" align=\"center\"><strong>AKUST\u0130K PANEL TEKN\u0130K B\u0130LG\u0130LER\u0130<\/strong><\/div>\n<\/td>\n<\/tr>\n<tr>\n<td>\n<div align=\"center\">Teknik \u00d6zellikler<\/div>\n<\/td>\n<td><\/td>\n<td>\n<div align=\"center\">Standart \u00f6l\u00e7\u00fcler 600x600mm \u2013 600x1200mm talep edildi\u011fi taktirde projeye uygun \u00f6l\u00e7\u00fclerde \u00fcretilebilmektedir.<\/div>\n<\/td>\n<\/tr>\n<tr>\n<td>\n<div align=\"center\">Hammadde<\/div>\n<\/td>\n<td><\/td>\n<td>\n<div align=\"center\">MDF \u00fczeri do\u011fal kaplamal\u0131 panel, MDF \u00fczeri\u00a0lamine kaplama<\/div>\n<\/td>\n<\/tr>\n<tr>\n<td>\n<div align=\"center\">Yang\u0131n S\u0131n\u0131f\u0131<\/div>\n<\/td>\n<td><\/td>\n<td>\n<div align=\"center\">Melamin B2,\u00a0Do\u011fal kaplama yang\u0131n geciktirici cila uygulamas\u0131 B1<\/div>\n<\/td>\n<\/tr>\n<tr>\n<td>\n<div align=\"center\">Ta\u015f\u0131y\u0131c\u0131 Sistem<\/div>\n<\/td>\n<td><\/td>\n<td>\n<div align=\"center\">T15\u00a0Fugal\u0131,\u00a0T24 D\u00fcz, T15 D\u00fcz, T24 Gizli ta\u015f\u0131y\u0131c\u0131<\/div>\n<\/td>\n<\/tr>\n<tr>\n<td>\n<div align=\"center\">Akustik Kuma\u015f<\/div>\n<\/td>\n<td><\/td>\n<td>\n<div align=\"center\">Soundtex<\/div>\n<\/td>\n<\/tr>\n<\/tbody>\n<\/table>\n<table border=\"1\" width=\"900\">\n<tbody>\n<tr>\n<td colspan=\"5\">\n<div align=\"center\"><strong>PERFORASYON OPS\u0130YONLARI<\/strong><\/div>\n<\/td>\n<\/tr>\n<tr>\n<td width=\"96\"><\/td>\n<td width=\"123\">\n<div align=\"center\">Tema Akustik 1<\/div>\n<\/td>\n<td width=\"106\">\n<div align=\"center\">Tema Akustik 2<\/div>\n<\/td>\n<td width=\"106\">\n<div align=\"center\">Tema Akustik 3<\/div>\n<\/td>\n<td width=\"115\">\n<div align=\"center\">Tema Akustik 4<\/div>\n<\/td>\n<\/tr>\n<tr>\n<td><\/td>\n<td>\n<div align=\"center\">900 DEL\u0130K\/ m2<\/div>\n<\/td>\n<td>\n<div align=\"center\">1800 DEL\u0130K\/ m2<\/div>\n<\/td>\n<td>\n<div align=\"center\">3600 DEL\u0130K\/ m2<\/div>\n<\/td>\n<td>\n<div align=\"center\">7200 DEL\u0130K\/ m2<\/div>\n<\/td>\n<\/tr>\n<tr>\n<td>\n<div align=\"left\">6mm \u00c7ap<\/div>\n<\/td>\n<td>\n<div align=\"center\">% 2.76 Bo\u015fluk<\/div>\n<\/td>\n<td>\n<div align=\"center\">% 5.51 Bo\u015fluk<\/div>\n<\/td>\n<td>\n<div align=\"center\">% 11 Bo\u015fluk<\/div>\n<\/td>\n<td>\n<div align=\"center\">% 22 Bo\u015fluk<\/div>\n<\/td>\n<\/tr>\n<tr>\n<td>\n<div align=\"left\">8mm \u00c7ap<\/div>\n<\/td>\n<td>\n<div align=\"center\">% 4.9 Bo\u015fluk<\/div>\n<\/td>\n<td>\n<div align=\"center\">% 9.8 Bo\u015fluk<\/div>\n<\/td>\n<td>\n<div align=\"center\">% 19.6 Bo\u015fluk<\/div>\n<\/td>\n<td>\n<div align=\"center\">% 39.2 Bo\u015fluk<\/div>\n<\/td>\n<\/tr>\n<tr>\n<td>\n<div align=\"left\">10mm \u00c7ap<\/div>\n<\/td>\n<td>\n<div align=\"center\">% 7.66 Bo\u015fluk<\/div>\n<\/td>\n<td>\n<div align=\"center\">% 15.32 Bo\u015fluk<\/div>\n<\/td>\n<td>\n<div align=\"center\">% 30.63 Bo\u015fluk<\/div>\n<\/td>\n<td>\n<div align=\"center\">Tavsiye Edilmiyor<\/div>\n<\/td>\n<\/tr>\n<tr>\n<td colspan=\"5\">\n<div align=\"center\"><strong>SLOT \u2013 \u00c7\u0130ZG\u0130 OPS\u0130YONLARI<\/strong><\/div>\n<\/td>\n<\/tr>\n<tr>\n<td><\/td>\n<td>\n<div align=\"center\">Tema Akustik 10<\/div>\n<\/td>\n<td>\n<div align=\"center\">Tema Akustik 11<\/div>\n<\/td>\n<td>\n<div align=\"center\">Tema Akustik 12<\/div>\n<\/td>\n<td>\n<div align=\"center\">Tema Akustik 13<\/div>\n<\/td>\n<\/tr>\n<tr>\n<td>\n<div align=\"left\">\u00c7izgi Uzunlu\u011fu \/m2<\/div>\n<\/td>\n<td>\n<div align=\"center\">D\u00dcZ<\/div>\n<\/td>\n<td>\n<div align=\"center\">31.25 mt\/m2<\/div>\n<\/td>\n<td>\n<div align=\"center\">62.5 mt\/m2<\/div>\n<\/td>\n<td>\n<div align=\"center\">125 mt\/m2<\/div>\n<\/td>\n<\/tr>\n<\/tbody>\n<\/table>\n<p>&nbsp;<\/p>\n<p>&nbsp;<\/p>\n<\/div>\n<\/article>\n<\/div>\n<\/div>\n<\/div>\n<\/section>\n<\/div>\n<footer class=\"main-footer footer-uncover\">\n<div class=\"footer-top\" style=\"text-align: left;\"><\/div>\n<\/footer>\n<p style=\"text-align: left;\">\n<p>&nbsp;<\/p>\n<p>&nbsp;<\/p>\n","protected":false},"excerpt":{"rendered":"<p>TEKN\u0130K \u00d6ZELL\u0130LER AKUST\u0130K PANEL TEKN\u0130K B\u0130LG\u0130LER\u0130 Teknik \u00d6zellikler Standart \u00f6l\u00e7\u00fcler 600x600mm \u2013 600x1200mm talep edildi\u011fi taktirde projeye uygun \u00f6l\u00e7\u00fclerde \u00fcretilebilmektedir. Hammadde MDF \u00fczeri do\u011fal kaplamal\u0131 panel, MDF \u00fczeri\u00a0lamine kaplama Yang\u0131n S\u0131n\u0131f\u0131 Melamin B2,\u00a0Do\u011fal kaplama yang\u0131n geciktirici cila uygulamas\u0131 B1 Ta\u015f\u0131y\u0131c\u0131 Sistem T15\u00a0Fugal\u0131,\u00a0T24 D\u00fcz, T15 D\u00fcz, T24 Gizli ta\u015f\u0131y\u0131c\u0131 Akustik Kuma\u015f Soundtex PERFORASYON OPS\u0130YONLARI Tema Akustik [&hellip;]<\/p>\n","protected":false},"author":1,"featured_media":0,"parent":0,"menu_order":0,"comment_status":"closed","ping_status":"closed","template":"","meta":[],"_links":{"self":[{"href":"https:\/\/www.temaahsap.com\/index.php?rest_route=\/wp\/v2\/pages\/34"}],"collection":[{"href":"https:\/\/www.temaahsap.com\/index.php?rest_route=\/wp\/v2\/pages"}],"about":[{"href":"https:\/\/www.temaahsap.com\/index.php?rest_route=\/wp\/v2\/types\/page"}],"author":[{"embeddable":true,"href":"https:\/\/www.temaahsap.com\/index.php?rest_route=\/wp\/v2\/users\/1"}],"replies":[{"embeddable":true,"href":"https:\/\/www.temaahsap.com\/index.php?rest_route=%2Fwp%2Fv2%2Fcomments&post=34"}],"version-history":[{"count":5,"href":"https:\/\/www.temaahsap.com\/index.php?rest_route=\/wp\/v2\/pages\/34\/revisions"}],"predecessor-version":[{"id":69,"href":"https:\/\/www.temaahsap.com\/index.php?rest_route=\/wp\/v2\/pages\/34\/revisions\/69"}],"wp:attachment":[{"href":"https:\/\/www.temaahsap.com\/index.php?rest_route=%2Fwp%2Fv2%2Fmedia&parent=34"}],"curies":[{"name":"wp","href":"https:\/\/api.w.org\/{rel}","templated":true}]}}