{"id":453,"date":"2020-12-16T12:20:51","date_gmt":"2020-12-16T09:20:51","guid":{"rendered":"http:\/\/www.temaahsap.com\/?page_id=453"},"modified":"2024-11-05T01:12:10","modified_gmt":"2024-11-04T22:12:10","slug":"mef-universitesi-ayazaga-kampusu","status":"publish","type":"page","link":"https:\/\/www.temaahsap.com\/?page_id=453","title":{"rendered":"MEF \u00dcN\u0130VERS\u0130TES\u0130 AYAZA\u011eA KAMP\u00dcS\u00dc"},"content":{"rendered":"\n<p><strong>Ses Yutucu Akustik Panel Proje Teslim<\/strong> <\/p>\n\n\n\n<p>Sound-Absorbing Acoustic Panel Project Delivery<\/p>\n\n\n\n<figure class=\"wp-block-image\"><img decoding=\"async\" loading=\"lazy\" width=\"214\" height=\"175\" src=\"https:\/\/www.temaahsap.com\/wp-content\/uploads\/2020\/12\/MEF-\u00dcN\u0130VERS\u0130TES\u0130-LOGO-2.png\" alt=\"\" class=\"wp-image-592\"\/><\/figure>\n\n\n\n<div class=\"wp-block-group is-layout-constrained\"><div class=\"wp-block-group__inner-container\">\n<figure class=\"wp-block-gallery has-nested-images columns-default is-cropped wp-block-gallery-1 is-layout-flex\">\n<figure class=\"wp-block-image size-large\"><a href=\"https:\/\/www.temaahsap.com\/wp-content\/uploads\/2020\/12\/MEF-\u00dcN\u0130VERS\u0130TES\u0130-1.png\"><img decoding=\"async\" loading=\"lazy\" width=\"468\" height=\"269\" src=\"https:\/\/www.temaahsap.com\/wp-content\/uploads\/2020\/12\/MEF-\u00dcN\u0130VERS\u0130TES\u0130-1.png\" alt=\"\" class=\"wp-image-589\" srcset=\"https:\/\/www.temaahsap.com\/wp-content\/uploads\/2020\/12\/MEF-\u00dcN\u0130VERS\u0130TES\u0130-1.png 468w, https:\/\/www.temaahsap.com\/wp-content\/uploads\/2020\/12\/MEF-\u00dcN\u0130VERS\u0130TES\u0130-1-300x172.png 300w\" sizes=\"(max-width: 468px) 100vw, 468px\" \/><\/a><\/figure>\n\n\n\n<figure class=\"wp-block-image size-large\"><a href=\"https:\/\/www.temaahsap.com\/wp-content\/uploads\/2020\/12\/MEF-\u00dcN\u0130VERS\u0130TES\u0130-2-1.png\"><img decoding=\"async\" loading=\"lazy\" width=\"467\" height=\"269\" src=\"https:\/\/www.temaahsap.com\/wp-content\/uploads\/2020\/12\/MEF-\u00dcN\u0130VERS\u0130TES\u0130-2-1.png\" alt=\"\" class=\"wp-image-590\" srcset=\"https:\/\/www.temaahsap.com\/wp-content\/uploads\/2020\/12\/MEF-\u00dcN\u0130VERS\u0130TES\u0130-2-1.png 467w, https:\/\/www.temaahsap.com\/wp-content\/uploads\/2020\/12\/MEF-\u00dcN\u0130VERS\u0130TES\u0130-2-1-300x173.png 300w\" sizes=\"(max-width: 467px) 100vw, 467px\" \/><\/a><\/figure>\n<\/figure>\n<\/div><\/div>\n","protected":false},"excerpt":{"rendered":"<p>Ses Yutucu Akustik Panel Proje Teslim Sound-Absorbing Acoustic Panel Project Delivery<\/p>\n","protected":false},"author":1,"featured_media":0,"parent":0,"menu_order":0,"comment_status":"closed","ping_status":"closed","template":"","meta":[],"_links":{"self":[{"href":"https:\/\/www.temaahsap.com\/index.php?rest_route=\/wp\/v2\/pages\/453"}],"collection":[{"href":"https:\/\/www.temaahsap.com\/index.php?rest_route=\/wp\/v2\/pages"}],"about":[{"href":"https:\/\/www.temaahsap.com\/index.php?rest_route=\/wp\/v2\/types\/page"}],"author":[{"embeddable":true,"href":"https:\/\/www.temaahsap.com\/index.php?rest_route=\/wp\/v2\/users\/1"}],"replies":[{"embeddable":true,"href":"https:\/\/www.temaahsap.com\/index.php?rest_route=%2Fwp%2Fv2%2Fcomments&post=453"}],"version-history":[{"count":4,"href":"https:\/\/www.temaahsap.com\/index.php?rest_route=\/wp\/v2\/pages\/453\/revisions"}],"predecessor-version":[{"id":875,"href":"https:\/\/www.temaahsap.com\/index.php?rest_route=\/wp\/v2\/pages\/453\/revisions\/875"}],"wp:attachment":[{"href":"https:\/\/www.temaahsap.com\/index.php?rest_route=%2Fwp%2Fv2%2Fmedia&parent=453"}],"curies":[{"name":"wp","href":"https:\/\/api.w.org\/{rel}","templated":true}]}}