{"id":52,"date":"2017-01-29T14:37:38","date_gmt":"2017-01-29T11:37:38","guid":{"rendered":"http:\/\/www.temaahsap.com\/?page_id=52"},"modified":"2017-01-29T15:09:11","modified_gmt":"2017-01-29T12:09:11","slug":"mutfak-dolabi","status":"publish","type":"page","link":"https:\/\/www.temaahsap.com\/?page_id=52","title":{"rendered":"Mutfak Dolab\u0131"},"content":{"rendered":"<p>Farkl\u0131 \u00f6l\u00e7\u00fc ve modellerde, \u00f6zel \u00fcretim, toplu konut mutfak projeleri ve mutfak dolab\u0131 imalat\u0131 yapmaktay\u0131z.<\/p>\n<h3>MUTFAK DOLABI MODELLER\u0130<\/h3>\n<div id=\"foogallery-gallery-56\" class=\"foogallery-container foogallery-default foogallery-link-image foogallery-lightbox-unknown spacing-width-10 hover-effect-zoom  border-style-square-white alignment-left hover-caption-simple foogallery-default-loading\">\r\n\t<a  href=\"https:\/\/www.temaahsap.com\/wp-content\/uploads\/2017\/01\/mutfak-mobilyalari-1.jpg\" data-attachment-id=\"57\"><img  src=\"https:\/\/www.temaahsap.com\/wp-content\/uploads\/cache\/2017\/01\/mutfak-mobilyalari-1\/182507482.jpg\" width=\"250\" height=\"166\" srcset=\"https:\/\/www.temaahsap.com\/wp-content\/uploads\/cache\/2017\/01\/mutfak-mobilyalari-1\/2788698311.jpg 500w\" \/><\/a><a  href=\"https:\/\/www.temaahsap.com\/wp-content\/uploads\/2017\/01\/mutfak-mobilyalari-2.jpg\" data-attachment-id=\"58\"><img  src=\"https:\/\/www.temaahsap.com\/wp-content\/uploads\/cache\/2017\/01\/mutfak-mobilyalari-2\/2221920313.jpg\" width=\"250\" height=\"166\" srcset=\"https:\/\/www.temaahsap.com\/wp-content\/uploads\/cache\/2017\/01\/mutfak-mobilyalari-2\/683093796.jpg 500w\" \/><\/a><a  href=\"https:\/\/www.temaahsap.com\/wp-content\/uploads\/2017\/01\/mutfak-mobilyalari-3.jpg\" data-attachment-id=\"59\"><img  src=\"https:\/\/www.temaahsap.com\/wp-content\/uploads\/cache\/2017\/01\/mutfak-mobilyalari-3\/1220923559.jpg\" width=\"250\" height=\"166\" srcset=\"https:\/\/www.temaahsap.com\/wp-content\/uploads\/cache\/2017\/01\/mutfak-mobilyalari-3\/3827118010.jpg 500w\" \/><\/a><a  href=\"https:\/\/www.temaahsap.com\/wp-content\/uploads\/2017\/01\/mutfak-mobilyalari-4.jpg\" data-attachment-id=\"60\"><img  src=\"https:\/\/www.temaahsap.com\/wp-content\/uploads\/cache\/2017\/01\/mutfak-mobilyalari-4\/1107351998.jpg\" width=\"250\" height=\"166\" srcset=\"https:\/\/www.temaahsap.com\/wp-content\/uploads\/cache\/2017\/01\/mutfak-mobilyalari-4\/4007143075.jpg 500w\" \/><\/a><a  href=\"https:\/\/www.temaahsap.com\/wp-content\/uploads\/2017\/01\/mutfak-mobilyalari-5.jpg\" data-attachment-id=\"61\"><img  src=\"https:\/\/www.temaahsap.com\/wp-content\/uploads\/cache\/2017\/01\/mutfak-mobilyalari-5\/2393561376.jpg\" width=\"250\" height=\"166\" srcset=\"https:\/\/www.temaahsap.com\/wp-content\/uploads\/cache\/2017\/01\/mutfak-mobilyalari-5\/577906237.jpg 500w\" \/><\/a><a  href=\"https:\/\/www.temaahsap.com\/wp-content\/uploads\/2017\/01\/mutfak-mobilyalari-6.jpg\" data-attachment-id=\"62\"><img  src=\"https:\/\/www.temaahsap.com\/wp-content\/uploads\/cache\/2017\/01\/mutfak-mobilyalari-6\/2481859.jpg\" width=\"250\" height=\"166\" srcset=\"https:\/\/www.temaahsap.com\/wp-content\/uploads\/cache\/2017\/01\/mutfak-mobilyalari-6\/2902270430.jpg 500w\" \/><\/a><\/div>\r\n\n","protected":false},"excerpt":{"rendered":"<p>Farkl\u0131 \u00f6l\u00e7\u00fc ve modellerde, \u00f6zel \u00fcretim, toplu konut mutfak projeleri ve mutfak dolab\u0131 imalat\u0131 yapmaktay\u0131z. MUTFAK DOLABI MODELLER\u0130<\/p>\n","protected":false},"author":1,"featured_media":0,"parent":28,"menu_order":0,"comment_status":"closed","ping_status":"closed","template":"","meta":[],"_links":{"self":[{"href":"https:\/\/www.temaahsap.com\/index.php?rest_route=\/wp\/v2\/pages\/52"}],"collection":[{"href":"https:\/\/www.temaahsap.com\/index.php?rest_route=\/wp\/v2\/pages"}],"about":[{"href":"https:\/\/www.temaahsap.com\/index.php?rest_route=\/wp\/v2\/types\/page"}],"author":[{"embeddable":true,"href":"https:\/\/www.temaahsap.com\/index.php?rest_route=\/wp\/v2\/users\/1"}],"replies":[{"embeddable":true,"href":"https:\/\/www.temaahsap.com\/index.php?rest_route=%2Fwp%2Fv2%2Fcomments&post=52"}],"version-history":[{"count":7,"href":"https:\/\/www.temaahsap.com\/index.php?rest_route=\/wp\/v2\/pages\/52\/revisions"}],"predecessor-version":[{"id":70,"href":"https:\/\/www.temaahsap.com\/index.php?rest_route=\/wp\/v2\/pages\/52\/revisions\/70"}],"up":[{"embeddable":true,"href":"https:\/\/www.temaahsap.com\/index.php?rest_route=\/wp\/v2\/pages\/28"}],"wp:attachment":[{"href":"https:\/\/www.temaahsap.com\/index.php?rest_route=%2Fwp%2Fv2%2Fmedia&parent=52"}],"curies":[{"name":"wp","href":"https:\/\/api.w.org\/{rel}","templated":true}]}}